*a = v + 6. What is the greatest common divisor of v and 188?
4
Suppose 77*s - 270 = 79*s. Let j be (s - 1)*(-7)/28. What is the greatest common factor of j and 850?
34
Suppose 3*k - 2*t = 7*k - 200, 5*k = 2*t + 232. Suppose -8 = 2*c - 0. Let q be 30 + (-1)/(c/8). Calculate the greatest common divisor of q and k.
16
Suppose j + 245 = -4*t + 351, 4*j + 4*t - 436 = 0. What is the greatest common factor of 1705 and j?
55
Let x(m) = 4*m**2 + 6*m - 5. Let s be x(-6). Suppose -5*n - 3*r = s, 4*n - 5*r = -n - 135. Let l = n + 33. What is the highest common divisor of 30 and l?
10
Suppose -1 = 5*d - 81. Let n(z) = -15*z - 7. Let c be n(-9). Suppose 3*u + c = 4*i, 3*i = -2*i + 3*u + 160. Calculate the highest common factor of i and d.
16
Let z = -1138 + 1172. Suppose 4*o = 1 + 3. Let b be 54 - 3*(0 + o). Calculate the highest common factor of b and z.
17
Suppose -988 = 31*y - 35*y. Let l(f) = 3*f - 24. Let g be l(12). Let v be 4/(g/15) + y. Calculate the highest common factor of v and 28.
28
Suppose 5*i - 2*p = 63946, 4*i + 261*p - 264*p = 51154. Calculate the highest common factor of 20 and i.
10
Let y(q) = 1772*q - 21263. Let w be y(12). Suppose -2*h + 0*h + 122 = 0. What is the greatest common factor of h and w?
1
Let t be (684/(-20))/((-2 - -5 - 2)/(-15)). What is the highest common factor of t and 399?
57
Suppose u + 2*g = 37, -5*u = g - 168 + 1. Let z be 132*(-3 - -7 - 35/10). What is the greatest common factor of u and z?
33
Suppose -s + 109 = 2*d, -s = -2*s - 3*d + 104. Let c be (-214)/(-14) - 34/s. What is the highest common factor of 72 and c?
3
Let m = -19920 + 19954. Suppose -2109 = -4*f + 203. What is the highest common factor of m and f?
34
Let t be 202/(-4)*9*60/(-135). What is the greatest common divisor of t and 8383?
101
Suppose -d + 10 - 8 = 0, 4*t + 3*d - 990 = 0. Suppose 1000 = 4*s + 27*y - 23*y, -t = -s + y. Calculate the highest common factor of s and 93.
31
Suppose 2*k = 0, 2*x = 3*x + 3*k - 32. Suppose 6 = 5*z - 19, 4*z - x = -2*i. Calculate the highest common divisor of i and 30.
6
Suppose 2*v + h = 571, 49*h = 2*v + 44*h - 553. Calculate the highest common divisor of v and 213.
71
Suppose 2*d - 78 = 2*c, 3*d - 4*c - 137 + 20 = 0. Suppose 2*n - d = b, 3*n + 4*b - 76 = 9*b. What is the highest common divisor of 136 and n?
17
Suppose a + 1958 = 5*l + 3*a, -a = -2*l + 776. What is the highest common factor of 24 and l?
6
Let p(m) = 13*m**2 - 5*m - 34. Let n be p(8). What is the greatest common divisor of 2 and n?
2
Suppose -31*q - 3*q + 408 = 0. Suppose q*y + 5*j = 9*y + 7, y = j + 5. What is the highest common factor of y and 44?
4
Let f(u) = u + 15. Let x be f(-11). Suppose s = x*s - 183. Let q = -31 + s. What is the greatest common factor of q and 90?
30
Let o be (16/11)/(-8) + 180/22. Suppose o*i - 21 = -5. Suppose 0 = 2*k - 5*u - 2, k = 4*u - i. Calculate the highest common divisor of 66 and k.
6
Suppose 45 = -g + 41, 5*i - 4*g - 7416 = 0. Calculate the highest common factor of i and 1295.
185
Let t be (-3)/(-3)*-94*1. Suppose -x + 4*p = -83, -5*x + 4*p - 50 = -545. Let j = t + x. Calculate the highest common divisor of 3 and j.
3
Let j(c) = 20*c**3 - c**2 + 2*c + 1. Let y be j(2). Suppose 8*s = 4602 + 182. Let a = 621 - s. Calculate the greatest common divisor of a and y.
23
Let m(y) = 2*y**2 + 33*y + 28. Let z = 216 + -232. Let s be m(z). Let u be 85 + (0 - (-2)/(-2)). Calculate the greatest common divisor of u and s.
12
Let q = -461 - -464. Suppose 5*u - 15*f + 16*f = 45, q*f = 0. Suppose -5*j + 52 = g, 2*j + 436 - 140 = 4*g. Calculate the greatest common factor of g and u.
9
Let o be (-12 - (-918)/72) + (-129)/(-4). Calculate the highest common factor of 2706 and o.
33
Let a = 93 + -35. Let z = 83 - a. Suppose 5*l - z = 9*m - 4*m, 2*m - 26 = -4*l. Calculate the greatest common factor of 42 and l.
6
Suppose 3*k = 2*x + 70 + 44, 4*x - 92 = -2*k. Calculate the highest common factor of 760 and k.
40
Suppose -3*f = 4*d - 887, 4*d + 3*f - 888 = -f. Calculate the greatest common factor of 832 and d.
13
Suppose h = 2*y + 571, 5*y = 7*y + 14. Calculate the highest common factor of 4 and h.
1
Suppose 37*i = -115*i + 134064. What is the greatest common factor of i and 18?
18
Suppose -1285*p + 193564 = -1062*p. What is the greatest common divisor of 420 and p?
28
Suppose -d + 336*x + 97 = 331*x, 3*d + 3*x - 309 = 0. What is the highest common divisor of d and 255?
51
Let k = 19 - 17. Suppose -2*l + j = k*l + 271, -2*l - 125 = 3*j. Let m = 70 + l. Calculate the highest common divisor of 2 and m.
1
Let g(v) = -v**3 - 9*v**2 - 11*v + 24. Let c be g(-6). Let f be (-5 - c/(-6))*-5. Let q be (6/4)/(3/20). Calculate the highest common divisor of q and f.
10
Let k = 89 + -5. Let s be (-3)/(1/(6 - 8 - 40)). Calculate the greatest common factor of k and s.
42
Let j = 872 + -762. Let u be (3/(-2))/(4 + 652/(-160)). Calculate the highest common factor of j and u.
10
Let c(a) be the first derivative of a**4/4 - 8*a**3/3 - 7*a**2/2 - 10*a - 23. Let j be c(9). What is the greatest common divisor of 60 and j?
4
Suppose 2*z - 47 = -3*b, 5*b + 16*z = 13*z + 77. Calculate the highest common divisor of b and 15600.
13
Let u be 10*(-4)/24 + (-1546)/(-6). Let l be (-684)/(-42) - (6/21)/1. Calculate the greatest common divisor of l and u.
16
Let o be 1190 - (-18 - -21 - -11). Calculate the greatest common factor of 441 and o.
147
Let m(v) = v**3 - 6*v**2 + 4 - 22 + 7*v + 11. Let y be m(5). Suppose -c = 1, -257 = 3*z - 8*z - y*c. What is the highest common factor of z and 39?
13
Suppose 0 = 55*c - 7487 + 172. What is the highest common divisor of c and 114?
19
Suppose -335*i + 338*i = -147. Let g(o) = -4*o**2 + 8*o - 4. Let r be g(5). Let k = i - r. What is the greatest common divisor of k and 20?
5
Let a be (3 - -3 - (-24)/(-9))/(2/645). What is the highest common factor of a and 473?
43
Let u = 50 + -53. Let w = 43 + u. Let z be 14/(-7)*8/(-1). Calculate the highest common factor of z and w.
8
Let c be ((-11357)/(-4986) - (-2)/9)/((-1)/(-104)). What is the highest common divisor of 130 and c?
130
Suppose -14*i + 9*i + 18965 = 5*u, -5*i + 7592 = 2*u. Calculate the highest common factor of 446 and u.
223
Suppose 0 = j - 2*r - 59, 2*j - 2*r - 263 = -3*j. Suppose -j = -12*k - 3. Calculate the highest common divisor of 4 and k.
4
Let m(z) = 0 - 18 - 8*z + 0 - 5*z - z**2. Let h be m(-8). Calculate the greatest common divisor of 2 and h.
2
Let u(t) = t**2 - 16*t + 13. Let d(y) = -6*y**2 + 81*y - 66. Let m(k) = 2*d(k) + 11*u(k). Let q be m(-13). What is the highest common divisor of q and 8?
8
Suppose 0 = -2*g + g - 59. Let d(y) = -y**3 + 4*y**2 + 12*y + 14. Let f be d(7). Let v = f - g. Calculate the highest common divisor of v and 80.
10
Suppose d + 74 = 3*d. Let j = 67 + -80. Let t be 2/(3 + d/j). What is the highest common divisor of t and 13?
13
Suppose -5*h - 3*i = -h - 853, 2*i - 1061 = -5*h. Let q = h + -200. Calculate the greatest common divisor of q and 44.
11
Suppose -5*q - 4*h - 24 = -107, -q - 5*h = -4. Suppose -5*b - 5*j + 289 = -j, 7*b + 5*j - 404 = 0. Calculate the greatest common factor of b and q.
19
Let z(m) = 645*m**2 - m + 2. Let p be z(-1). Calculate the greatest common divisor of 72 and p.
72
Let t = 4 + 14. Let a(s) = 4*s**2 + 66*s - 6. Let y be a(13). Let h = 1573 - y. Calculate the greatest common factor of t and h.
9
Suppose 6*c - 28*c = 10*c - 41728. Calculate the greatest common factor of c and 40.
8
Suppose i - 3879 = -3*r - 1293, -2*r + 1722 = i. Calculate the greatest common factor of 2 and r.
2
Let p be 1*(28 - (-21 + 27)). Suppose v + 44 = 3*v. What is the greatest common divisor of v and p?
22
Let x(t) = -t**3 - 3*t**2 + 9*t + 10. Let h be x(-4). Let n be h - -36 - (-8)/2. What is the greatest common factor of n and 870?
30
Suppose 24 = 6*a + 6*a. Suppose -3*j - 5 = a*j. Let p be 12 + (6 - 7)*(j - 1). Calculate the highest common factor of 21 and p.
7
Let j be ((-12)/(-5))/(((-140)/25)/(-14)) + 300. Calculate the greatest common divisor of j and 1326.
102
Let y(u) = u + 1. Let s be y(3). Let l = s - -6. Let h(x) = -5*x - 70. Let q be h(-16). Calculate the highest common divisor of q and l.
10
Suppose -3*a + 91 = 4*a. Suppose -a*l = -1401 + 36. Let c = l - 77. What is the greatest common divisor of 21 and c?
7
Let y be 4/((